{"version":"1.0","provider_name":"Salecina","provider_url":"https:\/\/salecina.ch\/fr\/","author_name":"salecina_admin","author_url":"https:\/\/salecina.ch\/fr\/author\/salecina_admin\/","title":"MAISON &amp; HISTOIRE &#8212; Salecina","type":"rich","width":600,"height":338,"html":"<blockquote class=\"wp-embedded-content\" data-secret=\"q956dKyLF2\"><a href=\"https:\/\/salecina.ch\/fr\/maison-histoire\/\">MAISON &amp; HISTOIRE<\/a><\/blockquote><iframe sandbox=\"allow-scripts\" security=\"restricted\" src=\"https:\/\/salecina.ch\/fr\/maison-histoire\/embed\/#?secret=q956dKyLF2\" width=\"600\" height=\"338\" title=\"\u00ab\u00a0MAISON &amp; HISTOIRE\u00a0\u00bb &#8212; Salecina\" data-secret=\"q956dKyLF2\" frameborder=\"0\" marginwidth=\"0\" marginheight=\"0\" scrolling=\"no\" class=\"wp-embedded-content\"><\/iframe><script>\n\/*! This file is auto-generated *\/\n!function(d,l){\"use strict\";l.querySelector&&d.addEventListener&&\"undefined\"!=typeof URL&&(d.wp=d.wp||{},d.wp.receiveEmbedMessage||(d.wp.receiveEmbedMessage=function(e){var t=e.data;if((t||t.secret||t.message||t.value)&&!\/[^a-zA-Z0-9]\/.test(t.secret)){for(var s,r,n,a=l.querySelectorAll('iframe[data-secret=\"'+t.secret+'\"]'),o=l.querySelectorAll('blockquote[data-secret=\"'+t.secret+'\"]'),c=new RegExp(\"^https?:$\",\"i\"),i=0;i<o.length;i++)o[i].style.display=\"none\";for(i=0;i<a.length;i++)s=a[i],e.source===s.contentWindow&&(s.removeAttribute(\"style\"),\"height\"===t.message?(1e3<(r=parseInt(t.value,10))?r=1e3:~~r<200&&(r=200),s.height=r):\"link\"===t.message&&(r=new URL(s.getAttribute(\"src\")),n=new URL(t.value),c.test(n.protocol))&&n.host===r.host&&l.activeElement===s&&(d.top.location.href=t.value))}},d.addEventListener(\"message\",d.wp.receiveEmbedMessage,!1),l.addEventListener(\"DOMContentLoaded\",function(){for(var e,t,s=l.querySelectorAll(\"iframe.wp-embedded-content\"),r=0;r<s.length;r++)(t=(e=s[r]).getAttribute(\"data-secret\"))||(t=Math.random().toString(36).substring(2,12),e.src+=\"#?secret=\"+t,e.setAttribute(\"data-secret\",t)),e.contentWindow.postMessage({message:\"ready\",secret:t},\"*\")},!1)))}(window,document);\n\/\/# sourceURL=https:\/\/salecina.ch\/wp-includes\/js\/wp-embed.min.js\n<\/script>\n","description":"Salecina&#8230; \u2026 est une ferme vieille de plus de 300 ans que les socialistes Amalie et Theo Pinkus r\u00e9nov\u00e8rent d\u00e8s 1972 ensemble avec des amis provenant de toute l\u2019Europe, pour en faire un centre culturel de gauche pour y passer des vacances et y faire des rencontres. &#8230; est une fondation d\u00e9sireuse d\u2019offrir la possibilit\u00e9 [&hellip;]","thumbnail_url":"https:\/\/salecina.ch\/wp-content\/uploads\/2021\/08\/geschichte2b-fr.jpg"}

Salecina&#8230; … est une ferme vieille de plus de 300 ans que les socialistes Amalie et Theo Pinkus rénovèrent dès 1972 ensemble avec des amis provenant de toute l’Europe, pour en faire un centre culturel de gauche pour y passer des vacances et y faire des rencontres. &#8230; est une fondation désireuse d’offrir la possibilité [&hellip;]
